25 + 1 - (-161 + 166).
21
What is 5 + -17 + (-16 - -21) - (0 + -1)?
-6
Calculate 7 + 14 + 8 - 24.
5
143 + -148 + (-1 - 8)
-14
-12 + -1 - (71 + -68)
-16
Evaluate 121 + -120 + -7 + 0.
-6
5 - (-18 + 21 - -14)
-12
Evaluate -5 + 13 + -8 + -6.
-6
What is the value of 27 + (-105 - -94) + 0 + 7?
23
Evaluate -3 - ((-12 - 0) + -7) - 2.
14
-1 - ((9 - 16) + 7 - -6 - -6)
-13
Evaluate 6 + (-1 - (-25 + 3) - (-35 - -28)).
34
What is the value of (0 - 1) + -8 - (91 - 88)?
-12
Calculate 11 + 30 + -23 + -41.
-23
What is 5 + -2 + 4 - (-57 + 56)?
8
Calculate -2 + -2 + 4 + -3 + -34 + 28.
-9
Calculate -18 + (55 - 20) + -15.
2
-18 - (-4 - (21 + -11))
-4
37 - 13 - (20 - 12)
16
Calculate 73 - (55 - -6) - (-1 - (-7 + 0)).
6
Evaluate (-174 - -181 - (1 + 3)) + -26 + 6.
-17
Evaluate 4 - ((94 - 83) + (-2 - (-2 + 6))).
-1
-2 - (-24 + (-5 - (2 - 21)))
8
Calculate (9 - 10) + -6 - -1 - -16.
10
Evaluate (-5 - -28) + -3 - (11 - 17 - -12).
14
1 + 5 - (-13 + (5 - -5 - -1))
8
Calculate 2 - (-1 + (1 - -3) + -7).
6
12 + -3 - (14 - (-12 - -14))
-3
What is -23 + 6 + (1 - -12 - 7)?
-11
0 + (-1 - 2 - -2 - -3) - -3
5
(21 - 2) + (70 - 37) + -28
24
Evaluate 12 + 6 + 4 + -18 + -2.
2
What is the value of -42 + 5 - (-82 - -30)?
15
-25 + 0 + (-270 - -256)
-39
What is the value of 3 - (5 - (-4 - -4) - -2)?
-4
Calculate (2 - -7) + -24 + 0 + 15.
0
-7 - (9 - (15 + -2))
-3
Calculate -4 - (1 - (-13 + 23)).
5
-8 + -16 + 4 - -7
-13
Calculate -12 + -2 + 32 - (0 + 6).
12
What is (-15 - (-9 + 0)) + 3 + -6?
-9
What is the value of (-3 + (8 - -7 - 8) - 1) + 26?
29
Evaluate 26 + (2 - 8) + 4 + -3.
21
-10 - (21 + -16 + -7)
-8
Evaluate -8 - (6 + -16 + 2) - (-16 + 1).
15
What is -7 - (16 + -2 + -5 + -7)?
-9
Calculate 8 - -1 - (-58 + 49 + (1 - -8)).
9
What is 16 + 1 + 270 + -282 - -7?
12
Evaluate 13 - 17 - -33 - 8.
21
-1 + -9 + 1 + (-6 - -12)
-3
Calculate 18 - (23 + -16) - 19.
-8
Calculate 8 - (11 - (10 + -4)).
3
Evaluate -5 - 3 - (-8 + -19 - -10) - 25.
-16
(-13 - -18 - 9) + 4
0
What is (1 - 1 - 2) + (47 - 66 - 4)?
-25
What is (-10 - (1 + -3)) + (-19 - (13 + -24))?
-16
Evaluate (1 - 7) + 3 + -10 + 26 + -2.
11
What is -6 - (2 - ((7 - (-6 - 0)) + 7))?
12
What is the value of 8 + -9 + -10 - 2?
-13
(7 - 0) + (-16 - (-24 + 37))
-22
54 + -27 + -11 + 3
19
Evaluate (-10 - (-5 + 5) - -12) + (-2 - 0).
0
What is (-22 - -50) + (0 - 14)?
14
7 - ((7 - (0 - -10)) + 8)
2
What is -6 + (-6 - (-5 - (-1 + -1)))?
-9
What is (6 - -1) + (1 - (-7 + 14)) - -9?
10
Calculate (-24 - (-36 + 20)) + -8.
-16
((3 - -6) + -14 - -9) + -8
-4
What is the value of 2 + 8 + -30 + 11?
-9
Calculate (3 + 2 - 1) + (-25 - -27) + 5.
11
Evaluate 0 - 3 - (15 - 15) - (1 - 2).
-2
What is the value of (6 - (12 + 10 + -5) - 10) + 9?
-12
What is the value of -4 + (-13 - -31) - 2?
12
What is the value of (3 - -7) + 5 + -6 + -30?
-21
Evaluate 3 + 8 + -3 + 1.
9
What is the value of -66 - -62 - (-10 - -10)?
-4
What is 5 - ((-1 - 17) + (94 - 86))?
15
Evaluate 886 - 889 - (1 + -11).
7
What is the value of 0 - 8 - (-52 + 34)?
10
What is -20 - (-30 - (-12 - -16 - 20))?
-6
Calculate -13 + (22 - (-5 + 16)) - -8.
6
Calculate -5 - (5 - (-5 + 6)).
-9
-2 + (26 + -1 - 4) + (36 - 39)
16
-35 + 28 + -1 + -2
-10
What is the value of (0 - 25 - (-15 + 21)) + (-4 - 1)?
-36
(-89 - -87) + 0 + 15 + 1
14
What is 6 + (21 - 11) + -4 - (1 + 7)?
4
Evaluate 10 + (-5 - (4 + -3)) + -3 - 22.
-21
17 - (1 - (-7 + 0))
9
0 - -31 - (6 + -21 + -3 + 20)
29
(0 - 0) + 0 + -1 - (1894 - 1899)
4
Calculate -24 - -18 - (-18 + -1 + 2) - 40.
-29
What is the value of 42 - 24 - (22 - 8)?
4
What is (-39 - (29 - 78)) + 0?
10
Evaluate -4 - (18 + -16 - (8 - -1)).
3
What is 4 + 2 - ((12 - -5) + -9)?
-2
(24 - 18) + -22 + 3 + -1
-14
17 + (12 - (3 + 0)) + -10
16
-7 - (-1 - (1 - (3 - -4)))
-12
What is 12 + -26 - -17 - (28 - 5)?
-20
Calculate -10 + 2 + 17 - (-6 - -2 - -36).
-23
Calculate -5 + -1 + (7 - (-5 - -7)).
-1
-1 + 0 + (57 - 64)
-8
What is the value of -4 + 2 + 0 + 4 - (2 + -5)?
5
What is the value of (10 - (-3 + 15)) + 0 + 3?
1
Calculate -7 + ((10 - 8) + 19 - 6) + -4.
4
Evaluate (-56 - -66) + (-2 - 1).
7
(-63 - -59) + -12 + 1 + 26
11
Evaluate 13 + (1 + 1 - (23 + (13 - 30))).
9
What is the value of -13 + 7 + 4 + -5 + 25?
18
What is 32 + -56 + (-4 - -19)?
-9
What is the value of 0 - 1 - (-739 - -736)?
2
What is the value of -7 + 12 - (17 + -11 + 1)?
-2
What is 7 + (-4 - 21) - (-1 - (2 - -3))?
-12
Calculate -7 + -2 + (-4 - -2) + 4.
-7
What is 4 + -3 + (-1 - -6) + 4 + -9?
1
1 - (-15 + 28) - -2
-10
What is the value of (7 - -21) + (-10 - 5) - 8?
5
What is the value of (-26 - -2) + 54 + 26 + -63?
-7
What is -6 + 8 - (8 + -9 + -10)?
13
Evaluate 16 - (15 - 0) - 19.
-18
What is the value of 0 + -1 - (-119 + 146) - (2 + -1)?
-29
27 - (22 + 14) - (15 - 1)
-23
What is 18 + (-10 + 0 + 1 - (-29 + 27))?
11
Evaluate -3 - (11 - (1 + 14 - 3)).
-2
What is -22 - (-9 - -18 - (8 - 4) - 3)?
-24
What is the value of 9 + -12 + (13 - 2) - -7?
15
Calculate 1 + -2 - (-4 + 2 - (25 - 24)).
2
What is 1 + (0 - 7 - (13 - 14)) + 0?
-5
3 + (5 - 16) + (40 - 34)
-2
What is 16 + -26 - ((-1 - -3) + -3) - 4?
-13
What is the value of 11 + -10 + -7 + 14 - -5?
13
-2 - 5 - (-5 - 0)
-2
What is 1 + 0 + -1 + 16?
16
What is -21 - ((1 - -3) + (66 - 75))?
-16
What is 0 + (8 - (-7 - -16)) - 15?
-16
Evaluate 6 + -6 + 3 - (29 + -23 + -6).
3
Evaluate (-35 - -27) + (9 - -5).
6
Calculate -17 + 0 + 4 + 1.
-12
What is 1 - (2 + -8) - (-1 - 5)?
13
Calculate 2 + (19 - 3) - 4.
14
(14 - (1 + -5 - -1)) + (38 - 32)
23
Evaluate 19 + -11 + -19 + 39.
28
What is 3 + -2 + -3 + 7 + 0 + -6?
-1
What is the value of 4 - (-43 - -36 - 8)?
19
What is the value of (7 - 3) + -2 - (194 + -184)?
-8
(14 - 0 - 8) + -13 - 6
-13
What is -56 - -61 - (11 + 8)?
-14
Calculate -1 + -10 - (741 - 747).
-5
What is the value of -1 + -7 + 2 + 19 + -21 + 16?
8
Evaluate 0 + -10 + -4 + -9 + -4 + 20.
-7
-8 + (-1 + 11 + 2 - (-1 - 1))
6
Calculate 7 + ((5 - 3) + 11 - 11).
9
What is the value of 11 + -13 + -15 - -32?
15
Evaluate -178 - -198 - (13 - 0).
7
What is (6 - 15) + 9 + 9 + -6?
3
19 - 15 - 4 - -18
18
Evaluate -42 + 17 + 22 - -4.
1
What is the value of (45 - 97) + 72 - (9 + -1)?
12
(7 + (-3 - 1) - 5) + (-33 - -27)
-8
Evaluate -8 + (4 + -6 - -20).
10
Calculate 10 - (-88 - -96 - (7 + -2)).
7
What is 2 + 14 - (-147 + 178) - 15?
-30
Calculate (-22 - (-3 - (-19 - -31))) + -9 + 0.
-16
What is the value of 1 + 8 + -33 + 18 + -8?
-14
What is -31 - (11 + (6 - 25))?
-23
Evaluate (20 + -41 - (2 + 1 + -1)) + 8.
-15
17 - (-5 + (-10 + 10 - -5))
17
What is 11 + 3 + -17 + (1 - 1 - 5)?
-8
6 - (0 + 0) - (-32 + 13 - -30)
-5
What is the value of 5 - 9 - -2 - (-29 + 19)?
8
-46 - (-32 - -46 - 37)
-23
What is the value of 14 - ((-7 - -1) + 268 + -274)?
26
-10 - ((-1 - 10) + 7)
-6
Evaluate -18 + 15 + 6 + 9.
12
(-1710 - -1732) + (1 - 24)
-1
-19 + (-5 - -13) + 20 - (-5 - 1)
15
What is the value of -20 - (4 - (-35 + 62))?
3
8 - (27 - (12 + -23 + 17))
-13
Evaluate 7 + (-9 - -7 - (-1 + -9)) + -5.
10
Evaluate (1 + -6 - 7) + 9.
-3
Calculate -20 + 7 + 7 + 10.
4
What is -7 + -19 + 3 + 5 + 0?
-18
Calculate 63 + 9 + -31 + -37.
4
What is (-5 - 6) + (6 + 22 - 4)?
13
(8 - 13 - 2) + -1 + 7
-1
Calculate (-2 - -12) + (-1 - (12 + 7)).
-10
What is (14 - 33) + 5 + 0?
-14
What is (0 + 3 - 23) + 15?
-5
(-32 - -17) + 12 - (-1 - -12)
-14
What is -17 - (5 - 44) - 5 - 48?
-31
What is (9 + -19 - ((5 - 5) + -4)) + 7?
1
What is the value of (14 - -14) + 4 + -1 + 3?
34
Calculate 3 - (16 - 0) - (-1 + -7) - -22.
17
What is the value of 6 + (17 - 18 - (1 + 3 + 1))?
0
Calculate (-5 - -60) + -26 - 20.
9
Evaluate -25 - (-22 + 1) - -17.
13
Evaluate -4 + (10 - (-4 + 3)) + -19.
-12
Calculate 3 + (-4 + 9 - 4).
4
(4 - (-1 + 0)) + -115 + 117
7
What is the value of 7 + -28 + (13 + 0 - 1)?
-9
What is 15 + 4 + -28 + 10?
1
(5 - -1) + 4 + -1 + 1
10
Evaluate 6 + 6 + 8 - 10 - 22.
-12
Calculate 17 + -22 + 18 + -30 + -15.
-32
What is the value of -41 + 25 + 14 + (7 - 1)?
4
Calculate (29 - 7) + -19 + 3.
6
What is (-2 - 4 - -11) + -11 + 17 + 0?
11
-6 + (-5 - (-32 - -12)) + -12
-3
(10 - 3 - -2) + (110 - 104) + 4
19
What is the value of 12 - (17 - 9 - 5)?
9
What is 10 + 0 + (-244 - -219)?
-15
What is (-3 - (0 + -6)) + (2 - 5 - -2)?
2
Evaluate 1168 - 1157 - (1 + -23).
33
Evaluate -4 + -5 + 7 + 7 + 2 - -12.
19
Evaluate -15 + 23 + (-28 - -31).
11
(13 - -1) + -35 - -12
-9
Evaluate (-1 - 0 -